. Is n a prime number?
True
Let x(v) = -194*v + 15. Is x(-5) a prime number?
False
Let v = 1347 - 670. Is v prime?
True
Let w be -10*(-2)/((-4)/(-1)). Let v = 8 - w. Is 5/(-15) - (-10)/v a composite number?
False
Let q(r) = -53*r - 1. Let k be q(-1). Suppose 2*m - k = 12. Suppose i - 37 = -3*t - i, 5*i = -2*t + m. Is t a composite number?
False
Let z = 1494 + -881. Is z prime?
True
Let w(f) = f**3 + 8*f**2 + 4*f + 9. Let p be 10*(-1)/(-6)*-3. Let u(t) = -t**2 - 4*t - 1. Let x be u(p). Is w(x) a composite number?
True
Is ((-2)/6)/((-2)/12) - -4251 a prime number?
True
Let h = -1439 - -2088. Suppose 0*f - f + h = -4*d, 0 = -5*f + 3*d + 3211. Suppose -4*q - 5*k = -8*k - f, 5*q - 803 = 2*k. Is q a prime number?
False
Suppose -4*v = -4126 - 1134. Is v composite?
True
Let v(t) = -25*t**3 + 2. Is v(-2) prime?
False
Let y(x) = x**3 + x**2 + x - 1. Let a be y(0). Let r be ((-35)/20)/(a/(-20)). Let m = 90 + r. Is m a prime number?
False
Suppose 5*p - 1227 = 848. Is p composite?
True
Let k = -96 - -319. Is k a prime number?
True
Let c = 14 + -15. Is (c - -615)/(4 + -2) a composite number?
False
Let k(f) = -3*f**2 + 1. Let m be k(-1). Let w be (m/2*4)/1. Let o = w + 15. Is o prime?
True
Suppose -1333 = -3*g + y + 3*y, -g + y = -444. Let m = 654 - g. Is m prime?
True
Let n = 5133 + -1952. Is n composite?
False
Suppose 0 = 3*j - y - 8390, 0 = 3*j - 4*y - 10132 + 1754. Is j a prime number?
False
Let m(j) = -27*j**3 - j**2 - 2*j - 1. Let a be m(-1). Is 627/a + (-4)/18 a prime number?
True
Let p(n) = 13*n + 8. Let z(h) = 1. Let y(b) = -p(b) - 2*z(b). Is y(-17) composite?
False
Is (136/16)/((-2)/(-76) + 0) composite?
True
Let v be (-6)/(-3) - 90/3. Let l = v + 43. Is l a prime number?
False
Let h = 130 + -95. Is h a prime number?
False
Let y(x) = -x**3 + 10*x**2 - 9*x + 4. Let f be y(9). Suppose 741 = f*q + 89. Is q a composite number?
False
Is (-8)/(-6)*5958/12 composite?
True
Is (20/(-30))/(2/(-1191)) a prime number?
True
Suppose 16228 = 4*r - 2*t, -t = 3*r + 4*t - 12145. Is r prime?
False
Let j(q) = -2*q**3 + q**3 + 0*q**2 - 1 - q - 3*q**2 + 6*q**2. Is j(-4) a composite number?
True
Let s(u) = u**2 - 8*u - 4. Let n be s(8). Let d = -4 - n. Suppose -2*k + 314 + 20 = d. Is k a composite number?
False
Let q(b) = b - 7. Let m be q(7). Suppose 0 = -m*o + 5*o - 105. Is o composite?
True
Suppose 2*z + g - 51 = 0, -2*g = 2*z + 2*g - 54. Is z a composite number?
True
Suppose -2*v + 4*q + 8 = 0, 0 = -2*q - 4. Suppose v = -2*b + 4*s + 42, 4*b = -s + 11 + 73. Is b prime?
False
Suppose 2*j - 4 = 6. Suppose -5*i - 4*z = 10, -i = -0*z + j*z + 23. Is 370/4 + 1/i prime?
False
Let o = 25 - 13. Is (764/(-6))/((-8)/o) a composite number?
False
Let o = 11 - 18. Let y(n) = n**2 + 2*n - 4. Let u be y(o). Suppose -5*k + 4*k + u = 0. Is k a prime number?
True
Let t(s) = 17*s - 21. Let l(r) = -9*r + 11. Let u(o) = -7*l(o) - 4*t(o). Is u(-6) composite?
False
Let h(q) = 247*q**2 - q - 1. Let u be h(-1). Suppose 3*s + 76 = u. Suppose 3*i = -0 + s. Is i prime?
True
Suppose 2*u = -0*f - 4*f + 18, -3*f - 4*u + 21 = 0. Suppose -6 - 42 = f*w. Let z = w + 25. Is z a composite number?
True
Let o = 31 - 26. Suppose -i = 5*q - 342, o*q - 3*i = 41 + 313. Is q a prime number?
False
Let m(z) = 76*z**2 + 1. Suppose h + 2 = c - 3, 3*c - 13 = h. Is m(h) composite?
True
Is (-34)/(-119) - (-397)/7 a composite number?
True
Suppose 4*z - 2*i = -178, 0*i = 3*z + i + 146. Let g = 68 + z. Is g composite?
True
Let o(s) = 44*s + 3. Let k be o(-3). Let m = k + 233. Let n = m - -5. Is n a composite number?
False
Suppose -u = -2*d - 292, 584 = 5*u - 3*u - 2*d. Let x = 143 - 308. Let l = u + x. Is l a prime number?
True
Let r(x) = -x**3 - 10*x**2 - x - 8. Let s be (-4)/(-10) - (-104)/(-10). Let n be r(s). Is 85 + -3 - (-5 + n) prime?
False
Suppose 0*h = 4*h - 4. Let u(t) = 54*t**3 - 2*t + 1. Is u(h) prime?
True
Let x = 51 - -90. Is x composite?
True
Is (-22)/66 + (-2422)/(-3) prime?
False
Is 3/(-3)*(-4)/(-2) - -321 composite?
True
Let b = 6 + -4. Let d(k) = k**3 - k**2 + 2*k + 1. Let h be d(b). Is 767/h + 4/(-18) a prime number?
False
Suppose 3*f - 13 = 2*b, 3*f + 0 - 3 = -3*b. Suppose f*g + 4*n + 27 = 0, n - 27 = 3*g - 0*n. Is 57/1*(-3)/g prime?
True
Suppose -3*h - 11 = 5*w - 93, -2*w - 2*h + 36 = 0. Let g(j) = -j**3 + 7*j**2 + 5*j + 10. Let b be g(8). Is (-4)/b - (-150)/w a composite number?
False
Let n(s) = 23*s + 3 - 19*s + 27*s. Suppose -6 - 6 = -3*q. Is n(q) prime?
True
Let g(v) = 9*v**2 - 4*v - 10. Let d be g(-5). Suppose 1480 = 3*n + d. Is n prime?
False
Let h be (-16)/(-20)*(0 + 5). Suppose -l + 2*a - 2 = 0, l + 11 - 3 = h*a. Suppose 2*c - 67 = 3*p + 2*p, l*c - 94 = 2*p. Is c composite?
True
Suppose -3 = f - 2*f. Suppose 0 = -5*j - 5*r + 115, 2*r + 4 = f*r. Is j composite?
False
Let q be 2*(1590/(-4))/(-5). Let u(z) = 8*z**2 - 7*z + 4. Let o be u(4). Let l = q - o. Is l prime?
False
Let b(h) = 272*h**3 - h + 2. Let x be b(1). Suppose 3*n - 3*s = -s + x, 273 = 3*n + s. Is n composite?
True
Suppose 4*g - 4184 = l + 3*l, g - 1045 = 2*l. Is g composite?
True
Let l(p) = -p**2 + 59. Is l(0) a prime number?
True
Let s = -1 - -4. Suppose -5*u + 12 = -s*u. Suppose -w + 45 = 4*c, -2*w - 53 = -u*c + c. Is c a composite number?
False
Suppose -i + 18 = 3*n - 5*n, -5*i + 4*n + 66 = 0. Is (-942)/(-4) - 5/i a composite number?
True
Suppose -5*f = -m - 2179 + 59, -4*f - 2*m = -1696. Let p = 635 - f. Is p composite?
False
Suppose 5*t - 5 = 0, 5*k + 299 - 2032 = 2*t. Is k composite?
False
Let x = -36 - -6. Let p = x + 97. Is p a prime number?
True
Let j(o) be the first derivative of 3*o**2/2 - 3*o - 1. Let d(g) = -g**3 + 9*g**2 + 9*g + 12. Let a be d(10). Is j(a) prime?
True
Suppose -5*k - 25 = 4*t, t - k - 1 + 5 = 0. Let p = 63 + t. Is p prime?
False
Suppose 463 = -5*c - 1127. Let p(f) = -f**2 + 3*f + 4. Let m be p(3). Is 1/(-2) - c/m a prime number?
True
Suppose 4*v + 15 = -0*a - a, 3 = -a + 2*v. Let x(g) be the second derivative of g**5/20 + 3*g**4/4 - 3*g**3/2 + g**2 - 7*g. Is x(a) a prime number?
True
Suppose -2*x + 1230 + 724 = 0. Is x prime?
True
Let j(l) = 7*l**2 - 3*l + 9. Let n be j(6). Suppose 3*s - 4*k - n = 0, -s + 74 = -0*k + k. Is s a composite number?
True
Suppose -a = -0*a - 531. Suppose -3*k + 24 + a = 0. Is k a composite number?
True
Suppose 199 = p - z, 0*p + 4*p + 3*z - 768 = 0. Let c = 8 + p. Is c composite?
True
Let a(z) be the third derivative of -z**6/40 + z**5/20 + z**4/8 - z**3/3 - 3*z**2. Let i be a(-3). Let d = 164 - i. Is d a prime number?
True
Let j be 2 + (1 + 0 - 0). Suppose j*c = i - 200, 4*c + 349 = 3*i - 256. Is i a composite number?
True
Let l = -369 + 582. Is l a composite number?
True
Let d = 35 - 21. Let v(f) = -22*f - 33. Let r be v(13). Is r/(-2) + (-7)/d a prime number?
False
Let r(j) be the third derivative of 53*j**4/8 + 4*j**2. Is r(1) prime?
False
Is 3996/4 + -4 + 2 composite?
False
Let j(y) be the second derivative of 2/3*y**3 - 1/3*y**4 + 0 - y - 1/2*y**2 + 1/10*y**5. Is j(4) composite?
False
Suppose 0 = 2*r, -2*v = -v + 4*r. Suppose 2*y - 68 - 46 = v. Is 1/(-3) + y/9 composite?
True
Suppose 3*k + 2*k = 75. Let b be (-6)/k - 44/(-10). Suppose -5*l - b*q + 7 = -9, -4*l + 14 = 2*q. Is l prime?
False
Let p(d) be the second derivative of d**4/12 + 2*d**3/3 - 5*d**2/2 - d. Let f be p(-5). Suppose -5*x - v = -173, -4*x + f*v - 3*v + 134 = 0. Is x prime?
False
Let x be -8 - -3 - -3 - -4246. Suppose 7*i - 915 - x = 0. Is i composite?
True
Let c be 1732/8 + 2/4. Let j = c + -129. Suppose -2*x + 2*a = -j, 0*a = 4*x - a - 191. Is x prime?
False
Suppose 2*s - 15 = -3. Suppose 0*b = -b - s. Is (3/b)/(2/(-484)) prime?
False
Let f be -1 + 7 - (-2 + 3). Let b(c) = 204*c. Let y be b(1). Suppose -f*v = -799 + y. Is v composite?
True
Let v = -267 - -143. Let w = 203 + v. Is w prime?
True
Let k(d) = d**3 - 5*d**2 - 9*d + 7. Let t = 19 + -11. Is k(t) composite?
False
Let g = -8 + 10. Is 1/(g*(-2)/(-676)) a composite number?
True
Let o(d) = -438*d - 7. Let b be o(3). Let q = 1884 + b. Is q a composite number?
False
Let b = 881 - -1692. Is b composite?
True
Let g(t) = -2*t + 2. Let f be g(2). Let p be (-2)/9 - f/9. Suppose -4*l = h + h - 66, p = -2*l + 3*h + 53. Is l a prime number?
True
Let n(f) = -f**3 + 11*f - 1. Is n(-10) a composite number?
True
Let u = -718 - -1226. Suppose u = 3*y + y. 